e tens digit of (31 - t)*(4 - 3)?
3
Suppose 16*n + 46 + 242 = 0. What is the hundreds digit of 1368/(-324) + (-4)/n - -535?
5
Suppose 3*i - 4*s = 10217 - 2031, -5484 = -2*i - 4*s. What is the hundreds digit of i?
7
Let d = 3026 - -6893. What is the units digit of d?
9
Suppose 13*w - 15*w + o = -18590, -3*o = 5*w - 46508. What is the thousands digit of w?
9
Suppose -5*o - 37 = 2*s, 0 = 5*s - o + 2*o + 35. Let q be (-2)/(8/s)*24/12. Suppose 2*t + 5 = q*c + 92, c - 226 = -5*t. What is the tens digit of t?
4
Let t(g) = -3*g**2 - 405*g - 611. What is the units digit of t(-131)?
1
Suppose 0 = -4*g - 2*f + 6*f + 6856, -g + 1708 = 5*f. Suppose -z + 240 = k - 331, 5*z - g = -3*k. Suppose -7*c + 87 = -k. What is the units digit of c?
4
Let f(k) = -276*k**2 - 6*k + 4. Let z(b) = 277*b**2 + 5*b - 3. Let w(n) = 5*f(n) + 6*z(n). Let v be w(1). Let c = v + -158. What is the hundreds digit of c?
1
Let z = 117 - 112. Suppose 0 = -v + z*v - 2*r - 2410, -r + 3009 = 5*v. Suppose -11*a + 3055 - v = 0. What is the units digit of a?
3
Let i be (-118)/(-6) + -5*4/30. Suppose -235 = -2*v - l, -2*v + 240 = i*l - 17*l. What is the units digit of v?
5
Let u be 1739/2 - (-5)/10. Suppose -17 = -5*m - t, -3*t - 2*t = -4*m + 2. Suppose -3*g = w - 518, -5*g + 2*w + u = -m*w. What is the hundreds digit of g?
1
Let l(i) = 744*i - 249. What is the tens digit of l(10)?
9
Let n(h) = 12*h - 90. Let m be n(7). What is the hundreds digit of (m/21)/((-11)/10087)?
2
Let z(a) = 12*a**2 + 6*a. Let m = 298 + -617. Let v be (-1)/(-5)*-1 - m/145. What is the units digit of z(v)?
0
Suppose 4*l = 3*i + 4, 2*l - 4*i + 7 + 1 = 0. Suppose -29 + 3 = -2*q - l*b, 4*b = -8. Suppose -15*h = -q*h + 166. What is the units digit of h?
3
Let n = 65722 + 7386. What is the units digit of n?
8
Let c(m) = -22*m - 34. Let g be c(-5). Let x = 555 - g. Suppose 7*z - 809 = x. What is the hundreds digit of z?
1
Suppose -j = 9*j - 12210. Let b = 2191 - j. What is the tens digit of b?
7
Suppose 18 + 262 = 14*w. Suppose -2*d + 24*z = w*z - 942, -3*z = d - 496. What is the tens digit of d?
8
Suppose -3*t - 5*q + 3*q = 403, 2*t = -4*q - 282. Suppose 3*w + 3*d + 1249 = 4*d, 0 = d + 5. Let f = t - w. What is the hundreds digit of f?
2
Suppose -3*o - u + 8 = -3, 1 = -o + 2*u. Suppose 0 = 5*a - k - 1310, -o*k = -2*k - 5. Let t = -129 + a. What is the tens digit of t?
3
Let n(u) = -95*u**3 + 20*u**2 + 39*u + 330. What is the tens digit of n(-7)?
2
Suppose 2*m = x - 916, -4*x + 0*m + 3674 = 2*m. What is the units digit of x?
8
Let y = 22 - 22. What is the hundreds digit of (181 - -15) + y + 5?
2
Let k be (-4 - (1 + -9)) + -3. Suppose 0 = 5*j - 3*o + 2*o - 899, -3*j + 2*o + 538 = 0. Suppose 0 = -t - k - 1, t - j = -f. What is the units digit of f?
2
Let r(g) = 6*g + 27*g**3 - 62*g**3 + 28*g**3 + 2*g**2 + 4. What is the hundreds digit of r(-4)?
4
Let y(r) = 13*r**3 + 4*r**2 - 6*r - 11. Let g(w) = 37*w**3 + 12*w**2 - 18*w - 34. Let t(m) = -6*g(m) + 17*y(m). What is the tens digit of t(-5)?
1
Suppose -69*k - 31*k + 2120103 = -1912797. What is the tens digit of k?
2
Let r = 2748 - -1022. What is the units digit of r?
0
Let g = -896 - -898. Let s(k) = 143*k**2 + 46*k - 87. What is the tens digit of s(g)?
7
Let h(u) = 4*u - 35. Let l be h(10). Suppose 3*v - k - 180 = 2*k, 3*v - l*k - 170 = 0. What is the units digit of v?
5
Let i(v) = v**2 - 6*v + 100. Let n be i(0). Suppose 14*x - n - 96 = 0. What is the tens digit of x?
1
Suppose -2*w - 10 + 12 = 0. What is the tens digit of (6/(6/(-2)))/w*-8?
1
Let b be 5043/2 + (-75)/30. Let y = 3603 - b. What is the thousands digit of y?
1
Let z be (0 - 3) + (-2 - -2). Let f(g) = 81*g + 2. Let r(a) = 40*a. Let t(x) = -3*f(x) + 5*r(x). What is the tens digit of t(z)?
2
Suppose 433258 = 30*i + 41998. What is the tens digit of i?
4
Let n(c) = 162*c**2 - 57*c + 21. What is the tens digit of n(5)?
8
Suppose 4*y - y = -150. Let v be (3 - y/(-15))*3. What is the units digit of (v - -1 - 1)*(-53 + 6)?
7
Let a = 22565 + -13950. What is the tens digit of a?
1
Suppose 26*d - 25*d - 13011 = -4*g, 2*g - 6513 = d. What is the tens digit of g?
5
Let z(u) = u**3 - 9*u**2 + 6*u - 10. Let f be z(9). Let d = -57 + f. Let o = 150 + d. What is the hundreds digit of o?
1
Suppose 20*r + 1 = 21*r. Suppose 4*f + 4 = 3*z - r, 2*f = -5*z + 17. What is the units digit of z?
3
Let l(f) = -f**2 - 9*f - 17. Let n be l(-6). Let y(h) = 29*h - 6 + 0 + 3 + 5. What is the units digit of y(n)?
1
Let a be 5 - 4*21427/(-14). Suppose -3*v - a = -14*v. What is the hundreds digit of v?
5
Let w = 1017 + -767. Suppose k - 348 = 4*k. Let h = w + k. What is the units digit of h?
4
Suppose -18*x = -69190 + 14488. What is the hundreds digit of x?
0
Let h(l) = 11*l**2 + 3*l + 0*l**2 + 0*l**2 - 12 + 15. Let s be h(6). Suppose 0 = -5*f - 4*q + s, -4*f - 2*q + 87 = -3*f. What is the tens digit of f?
8
Let i(o) = 7*o**2 + 65*o - 1. What is the hundreds digit of i(-31)?
7
Let b(m) = -4*m - 13. Suppose y = -2*u - 10, -u = 4*u - y + 25. Let i be b(u). Suppose 12*o - 980 = i*o. What is the tens digit of o?
9
Let h be ((-4)/(-22) + 49/154)*10. Suppose -18 + h = 4*a - q, -26 = 5*a + 2*q. What is the tens digit of (-3)/a*42/9*4?
1
Let k(d) = d + 2. Let p be k(-4). Let c(i) = -5*i**2 - 7. Let l(m) = m - 1. Let b(z) = -c(z) + 4*l(z). What is the units digit of b(p)?
5
Suppose -30*u = -26*u - i - 102689, -4*u + 5*i + 102677 = 0. What is the hundreds digit of u?
6
Let r(g) = g**2 + 21*g - 36. Let j be r(-23). Suppose -5*c = 2*d - 1721, -13*d = -c - j*d + 334. What is the tens digit of c?
4
Suppose -3*r = 17*r - 9*r - 184030. What is the thousands digit of r?
6
Let r(d) = -9*d - 15. Let t be r(-7). Let j = t + -41. Let g(q) = -q**3 + 10*q**2 - 6*q - 15. What is the tens digit of g(j)?
9
Let w be (-7)/35 - 22/(-10). Suppose w*z - 7 = 5. What is the tens digit of 9/(3 - z) + 56?
5
Suppose 2*l - 5 = -1, -2*l - 12 = -c. What is the units digit of 312/9*300/c?
0
Suppose 0 = 3*x + 1 + 2, 0 = -4*u - 2*x + 2. Suppose 5*c = -4*m + 36, 4*c - 5*m + 5 = u. Suppose 315 = c*b - 173. What is the units digit of b?
2
Suppose 6*l = -4*l + 22680. Suppose 1815 = 4*r + 3*m, r - 4*m + l = 6*r. What is the hundreds digit of r?
4
Let p = -9828 + 13278. What is the thousands digit of p?
3
Suppose 3*u - n - 23280 = 0, -u + 31*n = 36*n - 7760. What is the units digit of u?
0
Let d(z) be the second derivative of z**4/4 + 7*z**3/3 + 4*z**2 - 65*z. What is the tens digit of d(-13)?
3
Let d(q) = 4*q - 14. Let y be d(6). Let f be -152 + 1 + 1 + -9 + y. What is the units digit of 1/(((-8)/2)/4)*f?
9
Let q(g) = 292*g + 61. Suppose 7*s + 563 = 598. What is the thousands digit of q(s)?
1
Suppose -3*m - 106 = -103. Let x(p) = p**3 - p. Let t(i) = -50*i**3 + 5*i. Let c(z) = t(z) + 6*x(z). What is the tens digit of c(m)?
4
Suppose 0 = -6*y + y + 3*p + 3895, -3*p = 15. Let v = y - 335. What is the units digit of v?
1
Suppose -86*j + 29205 = v - 82*j, 2*v - 3*j = 58377. What is the hundreds digit of v?
1
Let d(a) be the second derivative of -11*a + 0 + 7/12*a**4 + a**2 - 2/3*a**3. What is the units digit of d(2)?
2
Let w = -128 + 131. Suppose -x + 3*i - 9 = 0, -i + 3 = 8*x - w*x. Suppose x = 7*v - 2425 + 843. What is the hundreds digit of v?
2
Let z(d) = -40*d + 31. Let i be 84/(-35)*20/3. What is the hundreds digit of z(i)?
6
Let x be 7*(0 + 120/(-35)). Let u = x + 288. What is the units digit of u?
4
Suppose -83 + 101 = 3*w. Suppose 0 = w*z + z - 3297. What is the units digit of z?
1
Let q be 2/6 + (-60555)/(-45). Let f = -903 + q. Let k = -286 + f. What is the tens digit of k?
5
Suppose 5*u = -68*u + 14*u. Suppose q - 4 = 2. Suppose q*d - 356 - 202 = u. What is the units digit of d?
3
Let b = 115 + -98. Suppose 78 + 92 = b*m. What is the tens digit of m?
1
Suppose 4*k = 5*u + 2378, 2 = 5*u - 4*u. What is the tens digit of k?
9
Suppose -64042 = -11*u - 12870. What is the units digit of 1/2 + (u/8 - 8)?
4
Let z(c) = -c**3 + 9*c**2 - 10*c + 2. Let t be z(2). What is the units digit of 2 - (1436/t)/(7/(-35))?
0
What is the hundreds digit of (-108852436)/(-2107) + ((-8)/84)/(3/9)?
6
Let v be 2 - (-4 + 1 + -23). What is the units digit of 7632/14 + (-4)/v?
5
Let h(s) be the first derivative of -s**3/3 - 5*s**2 - 3*s + 8. Suppose -8*x - 40 = -3*x. What is the tens digit of h(x)?
1
Suppose -5*v +